{"id":9,"date":"2023-03-11T17:38:59","date_gmt":"2023-03-11T17:38:59","guid":{"rendered":"http:\/\/baytalnisa.fr\/?page_id=9"},"modified":"2023-04-03T17:57:35","modified_gmt":"2023-04-03T17:57:35","slug":"politique-de-retour-et-remboursement","status":"publish","type":"page","link":"https:\/\/baytalnisa.fr\/?page_id=9","title":{"rendered":"Politique de retour et remboursement"},"content":{"rendered":"\t\t<div data-elementor-type=\"wp-page\" data-elementor-id=\"9\" class=\"elementor elementor-9\">\n\t\t\t\t\t\t<section class=\"elementor-section elementor-top-section elementor-element elementor-element-5fe3470 elementor-section-stretched elementor-section-boxed elementor-section-height-default elementor-section-height-default\" data-id=\"5fe3470\" data-element_type=\"section\" data-e-type=\"section\" data-settings=\"{&quot;stretch_section&quot;:&quot;section-stretched&quot;}\">\n\t\t\t\t\t\t<div class=\"elementor-container elementor-column-gap-default\">\n\t\t\t\t\t<div class=\"elementor-column elementor-col-100 elementor-top-column elementor-element elementor-element-f92b358\" data-id=\"f92b358\" data-element_type=\"column\" data-e-type=\"column\">\n\t\t\t<div class=\"elementor-widget-wrap elementor-element-populated\">\n\t\t\t\t\t\t<div class=\"elementor-element elementor-element-8bd4601 elementor-widget elementor-widget-heading\" data-id=\"8bd4601\" data-element_type=\"widget\" data-e-type=\"widget\" data-widget_type=\"heading.default\">\n\t\t\t\t<div class=\"elementor-widget-container\">\n\t\t\t\t\t<h2 class=\"elementor-heading-title elementor-size-default\">Politique de retour et remboursement<\/h2>\t\t\t\t<\/div>\n\t\t\t\t<\/div>\n\t\t\t\t<div class=\"elementor-element elementor-element-2439ac5 elementor-widget elementor-widget-spacer\" data-id=\"2439ac5\" data-element_type=\"widget\" data-e-type=\"widget\" data-widget_type=\"spacer.default\">\n\t\t\t\t<div class=\"elementor-widget-container\">\n\t\t\t\t\t\t\t<div class=\"elementor-spacer\">\n\t\t\t<div class=\"elementor-spacer-inner\"><\/div>\n\t\t<\/div>\n\t\t\t\t\t\t<\/div>\n\t\t\t\t<\/div>\n\t\t\t\t<div class=\"elementor-element elementor-element-32d2d1c elementor-widget elementor-widget-heading\" data-id=\"32d2d1c\" data-element_type=\"widget\" data-e-type=\"widget\" data-widget_type=\"heading.default\">\n\t\t\t\t<div class=\"elementor-widget-container\">\n\t\t\t\t\t<h3 class=\"elementor-heading-title elementor-size-default\">Votre retour<\/h3>\t\t\t\t<\/div>\n\t\t\t\t<\/div>\n\t\t\t\t<div class=\"elementor-element elementor-element-0ed24c5 elementor-widget elementor-widget-text-editor\" data-id=\"0ed24c5\" data-element_type=\"widget\" data-e-type=\"widget\" data-widget_type=\"text-editor.default\">\n\t\t\t\t<div class=\"elementor-widget-container\">\n\t\t\t\t\t\t\t\t\t<p>Un ou plusieurs articles de votre commande ne vous conviennent pas ? Nous sommes heureux de r\u00e9ceptionner votre retour dans un\u00a0d\u00e9lai de 15 jours\u00a0pour tout motif.<\/p>\n<p>Les frais de retour ne sont pas pris en charge et ne sont pas rembours\u00e9s.<\/p>\n<p>Pour\u00a0effectuer un retour depuis la France :<\/p>\n<p>Emballez votre retour dans son paquet d&rsquo;origine, ou tout autre emballage.<\/p>\n<p>Ins\u00e9rez dans votre paquet retour un papier indiquant votre num\u00e9ro de commande.\u00a0<\/p>\n<p>Rendez-vous\u00a0dans un point relais<\/p>\n<p>Indiquez vos coordonn\u00e9es d&rsquo;exp\u00e9diteur, puis indiquez dans les coordonn\u00e9es\u00a0du destinataire l&rsquo;adresse du point de relais pour les retours : Mediaphonie, rue Roger Salengro 59260 Hellemmes<\/p>\n<p>D\u00e9posez votre retour en point relais<\/p>\t\t\t\t\t\t\t\t<\/div>\n\t\t\t\t<\/div>\n\t\t\t\t<div class=\"elementor-element elementor-element-bf32d4f elementor-widget elementor-widget-heading\" data-id=\"bf32d4f\" data-element_type=\"widget\" data-e-type=\"widget\" data-widget_type=\"heading.default\">\n\t\t\t\t<div class=\"elementor-widget-container\">\n\t\t\t\t\t<h3 class=\"elementor-heading-title elementor-size-default\">Votre remboursement<\/h3>\t\t\t\t<\/div>\n\t\t\t\t<\/div>\n\t\t\t\t<div class=\"elementor-element elementor-element-2c6492c elementor-widget elementor-widget-text-editor\" data-id=\"2c6492c\" data-element_type=\"widget\" data-e-type=\"widget\" data-widget_type=\"text-editor.default\">\n\t\t\t\t<div class=\"elementor-widget-container\">\n\t\t\t\t\t\t\t\t\t<p>Remboursement imm\u00e9diat apr\u00e8s r\u00e9ception du retour.\u00a0<br \/>Pour des raisons d&rsquo;hygi\u00e8ne, les articles port\u00e9s ou ayant assimil\u00e9 un parfum personnel ne peuvent faire l&rsquo;objet d&rsquo;un remboursement. Notre \u00e9quipe se r\u00e9serve le droit d&rsquo;inspecter ces conditions.<\/p>\t\t\t\t\t\t\t\t<\/div>\n\t\t\t\t<\/div>\n\t\t\t\t<div class=\"elementor-element elementor-element-6fa3d53 elementor-widget elementor-widget-heading\" data-id=\"6fa3d53\" data-element_type=\"widget\" data-e-type=\"widget\" data-widget_type=\"heading.default\">\n\t\t\t\t<div class=\"elementor-widget-container\">\n\t\t\t\t\t<h3 class=\"elementor-heading-title elementor-size-default\">Votre commande et d\u00e9lais de traitement<\/h3>\t\t\t\t<\/div>\n\t\t\t\t<\/div>\n\t\t\t\t<div class=\"elementor-element elementor-element-1e4284b elementor-widget elementor-widget-text-editor\" data-id=\"1e4284b\" data-element_type=\"widget\" data-e-type=\"widget\" data-widget_type=\"text-editor.default\">\n\t\t\t\t<div class=\"elementor-widget-container\">\n\t\t\t\t\t\t\t\t\t<p>Nous traitons\u00a0votre commande dans un d\u00e9lai de 24h apr\u00e8s sa validation (hors week-ends et hors jours f\u00e9ri\u00e9s). Le d\u00e9lai de livraison peut ensuite varier selon le mode de livraison choisi. Nous ne garantissons pas le d\u00e9lai de livraison qui est \u00e0 titre indicatif seulement.\u00a0<br \/>Nous ne sommes pas en mesure de garantir l&rsquo;annulation de votre commande, que la demande soit faite dans un d\u00e9lai de 24h ou non.<\/p>\t\t\t\t\t\t\t\t<\/div>\n\t\t\t\t<\/div>\n\t\t\t\t\t<\/div>\n\t\t<\/div>\n\t\t\t\t\t<\/div>\n\t\t<\/section>\n\t\t\t\t<\/div>\n\t\t","protected":false},"excerpt":{"rendered":"<p>Politique de retour et remboursement Votre retour Un ou plusieurs articles de votre commande ne vous conviennent pas ? Nous sommes heureux de r\u00e9ceptionner votre retour dans un\u00a0d\u00e9lai de 15 [&hellip;]<\/p>\n","protected":false},"author":1,"featured_media":0,"parent":0,"menu_order":0,"comment_status":"closed","ping_status":"closed","template":"elementor_header_footer","meta":{"om_disable_all_campaigns":false,"_monsterinsights_skip_tracking":false,"_monsterinsights_sitenote_active":false,"_monsterinsights_sitenote_note":"","_monsterinsights_sitenote_category":0,"_glsr_average":0,"_glsr_ranking":0,"_glsr_reviews":0,"footnotes":""},"class_list":["post-9","page","type-page","status-publish","hentry"],"aioseo_notices":[],"jetpack_sharing_enabled":true,"_links":{"self":[{"href":"https:\/\/baytalnisa.fr\/index.php?rest_route=\/wp\/v2\/pages\/9","targetHints":{"allow":["GET"]}}],"collection":[{"href":"https:\/\/baytalnisa.fr\/index.php?rest_route=\/wp\/v2\/pages"}],"about":[{"href":"https:\/\/baytalnisa.fr\/index.php?rest_route=\/wp\/v2\/types\/page"}],"author":[{"embeddable":true,"href":"https:\/\/baytalnisa.fr\/index.php?rest_route=\/wp\/v2\/users\/1"}],"replies":[{"embeddable":true,"href":"https:\/\/baytalnisa.fr\/index.php?rest_route=%2Fwp%2Fv2%2Fcomments&post=9"}],"version-history":[{"count":28,"href":"https:\/\/baytalnisa.fr\/index.php?rest_route=\/wp\/v2\/pages\/9\/revisions"}],"predecessor-version":[{"id":2112,"href":"https:\/\/baytalnisa.fr\/index.php?rest_route=\/wp\/v2\/pages\/9\/revisions\/2112"}],"wp:attachment":[{"href":"https:\/\/baytalnisa.fr\/index.php?rest_route=%2Fwp%2Fv2%2Fmedia&parent=9"}],"curies":[{"name":"wp","href":"https:\/\/api.w.org\/{rel}","templated":true}]}}