{"id":295,"date":"2023-03-12T20:45:46","date_gmt":"2023-03-12T20:45:46","guid":{"rendered":"https:\/\/baytalnisa.fr\/?post_type=product&#038;p=295"},"modified":"2026-04-03T23:56:11","modified_gmt":"2026-04-03T22:56:11","slug":"bonnet-en-soie-reglable","status":"publish","type":"product","link":"https:\/\/baytalnisa.fr\/?product=bonnet-en-soie-reglable","title":{"rendered":"| Bonnet Satin | \u0633\u0648\u0646 Swanne"},"content":{"rendered":"<p>\u25aa\ufe0f L&rsquo;int\u00e9rieur du bonnet est doubl\u00e9 en SATIN de Soie. Il permet de maintenir l&rsquo;hydratation du cheveux.<\/p>\n<p>\u25aa\ufe0f L&rsquo;ext\u00e9rieur du bonnet est en jersey de coton pour un aspect mat et discret. Il permet un meilleur maintien du voile qui ne glisse pas.<\/p>\n<p>\u25aa\ufe0f Permet d&rsquo;\u00e9viter que le foulard tire sur le cuir chevelu ou de casser le cheveux contrairement au bonnet en mati\u00e8re classique comme le coton simple par exemple.<\/p>\n<p>Prot\u00e8ge contre :<\/p>\n<p>\u25ab\ufe0f Les pellicules<br \/>\n\u25ab\ufe0f Le cuir chevelu irrit\u00e9<br \/>\n\u25ab\ufe0f Les chutes de cheveux<br \/>\n\u25ab\ufe0f Les cheveux cassants<br \/>\n\u25ab\ufe0f L&rsquo;alop\u00e9cie<br \/>\n\u25ab\ufe0f Les frisottis<br \/>\n\u25ab\ufe0f L&#8217;emm\u00ealement<\/p>\n","protected":false},"excerpt":{"rendered":"<p>\u2728 D\u00e9couvrez l\u2019excellence du bonnet doubl\u00e9 en SATIN DE BAMBOU, alli\u00e9 incontournable pour la sant\u00e9 de vos cheveux !<\/p>\n<p>&nbsp;<\/p>\n<p>\ud83d\udc52 <strong>Mod\u00e8le Swanne &#8211; \u0633\u0648\u0646<\/strong> \u2014 Confort et ajustement parfaits :<\/p>\n<p><strong>Bayt al Nisa a cr\u00e9\u00e9 en exclusivit\u00e9 le premier bonnet pens\u00e9 sp\u00e9cialement pour les femmes voil\u00e9es, en satin de bambou 100 % naturel<\/strong><\/p>\n<p>Bonnet \u00e0 enfiler, dot\u00e9 d\u2019une partie arri\u00e8re \u00e9lastique et de deux bandes r\u00e9glables, il garantit un maintien s\u00fbr et ajust\u00e9 tout au long de la journ\u00e9e.<\/p>\n<p>&nbsp;<\/p>\n<p>\ud83c\udf3f Une doublure int\u00e9rieure en <strong>satin mat de bambou<\/strong> qui pr\u00e9serve l\u2019hydratation naturelle de vos cheveux, r\u00e9duisant ainsi la casse et les frisottis.<\/p>\n<p>&nbsp;<\/p>\n<p>\ud83d\udda4 Un ext\u00e9rieur en <strong>jersey de bambou<\/strong>, con\u00e7u pour assurer un maintien optimal de votre voile, sans glissement ni inconfort.<\/p>\n<p>&nbsp;<\/p>\n<p>\ud83d\udca1 <strong>Pourquoi choisir notre bonnet plut\u00f4t qu\u2019un mod\u00e8le classique ?<\/strong><br \/>\nContrairement aux bonnets en coton simple, notre bonnet prot\u00e8ge votre cuir chevelu et vos cheveux des agressions quotidiennes, en \u00e9vitant les tiraillements et la casse.<\/p>\n<p>&nbsp;<\/p>\n<p><strong>Un v\u00e9ritable bouclier protecteur contre<\/strong> :<br \/>\n\u25ab\ufe0f Pellicules et irritations du cuir chevelu<br \/>\n\u25ab\ufe0f Chute et cassure des cheveux<br \/>\n\u25ab\ufe0f Alop\u00e9cie li\u00e9e aux frottements<br \/>\n\u25ab\ufe0f Frisottis et emm\u00ealements ind\u00e9sirables<\/p>\n<p>Tu ne sais pas quel model choisir ? Notre diagnostique en 2 minutes est l\u00e0 pour t&rsquo;aider \ud83d\udc49 <a href=\"https:\/\/baytalnisa.fr\/?qsm_quiz=quel-sous-hijab-est-fait-pour-toi\">Diagnostique en 2 minutes<\/a><\/p>\n","protected":false},"featured_media":4122,"comment_status":"open","ping_status":"closed","template":"","meta":{"om_disable_all_campaigns":false,"_monsterinsights_skip_tracking":false,"_monsterinsights_sitenote_active":false,"_monsterinsights_sitenote_note":"","_monsterinsights_sitenote_category":0,"_glsr_average":0,"_glsr_ranking":0,"_glsr_reviews":0},"product_brand":[],"product_cat":[29,30],"product_tag":[37,44,45,48,41,43,47,124],"class_list":{"0":"post-295","1":"product","2":"type-product","3":"status-publish","4":"has-post-thumbnail","6":"product_cat-bonnet","7":"product_cat-bonnet-reglable","8":"product_tag-beige","9":"product_tag-bonnet","10":"product_tag-bonnet-reglable","11":"product_tag-jersey","12":"product_tag-noir","13":"product_tag-rose","14":"product_tag-satin","15":"product_tag-soie","17":"first","18":"instock","19":"shipping-taxable","20":"purchasable","21":"product-type-variable"},"aioseo_notices":[],"jetpack_sharing_enabled":true,"_links":{"self":[{"href":"https:\/\/baytalnisa.fr\/index.php?rest_route=\/wp\/v2\/product\/295","targetHints":{"allow":["GET"]}}],"collection":[{"href":"https:\/\/baytalnisa.fr\/index.php?rest_route=\/wp\/v2\/product"}],"about":[{"href":"https:\/\/baytalnisa.fr\/index.php?rest_route=\/wp\/v2\/types\/product"}],"replies":[{"embeddable":true,"href":"https:\/\/baytalnisa.fr\/index.php?rest_route=%2Fwp%2Fv2%2Fcomments&post=295"}],"version-history":[{"count":33,"href":"https:\/\/baytalnisa.fr\/index.php?rest_route=\/wp\/v2\/product\/295\/revisions"}],"predecessor-version":[{"id":589,"href":"https:\/\/baytalnisa.fr\/index.php?rest_route=\/wp\/v2\/product\/295\/revisions\/589"}],"wp:featuredmedia":[{"embeddable":true,"href":"https:\/\/baytalnisa.fr\/index.php?rest_route=\/wp\/v2\/media\/4122"}],"wp:attachment":[{"href":"https:\/\/baytalnisa.fr\/index.php?rest_route=%2Fwp%2Fv2%2Fmedia&parent=295"}],"wp:term":[{"taxonomy":"product_brand","embeddable":true,"href":"https:\/\/baytalnisa.fr\/index.php?rest_route=%2Fwp%2Fv2%2Fproduct_brand&post=295"},{"taxonomy":"product_cat","embeddable":true,"href":"https:\/\/baytalnisa.fr\/index.php?rest_route=%2Fwp%2Fv2%2Fproduct_cat&post=295"},{"taxonomy":"product_tag","embeddable":true,"href":"https:\/\/baytalnisa.fr\/index.php?rest_route=%2Fwp%2Fv2%2Fproduct_tag&post=295"}],"curies":[{"name":"wp","href":"https:\/\/api.w.org\/{rel}","templated":true}]}}