{"id":3282,"date":"2025-04-24T17:54:14","date_gmt":"2025-04-24T17:54:14","guid":{"rendered":"https:\/\/baytalnisa.fr\/?post_type=product&#038;p=3282"},"modified":"2025-09-24T19:47:59","modified_gmt":"2025-09-24T19:47:59","slug":"coffret-la-satinee","status":"publish","type":"product","link":"https:\/\/baytalnisa.fr\/?product=coffret-la-satinee","title":{"rendered":"Coffret La Satin\u00e9e"},"content":{"rendered":"","protected":false},"excerpt":{"rendered":"<p>Coffret \u00c9clat Satin\u00e9 \u2013 Swanne \u2728\ufe0f<\/p>\n<p>&nbsp;<\/p>\n<p>Plongez dans l\u2019\u00e9l\u00e9gance d\u2019une routine capillaire pr\u00e9cieuse pens\u00e9 pour sublimer vos cheveux \ud83c\udf38<\/p>\n<p>&nbsp;<\/p>\n<p>Ce coffret d\u2019exception renferme des essentiels raffin\u00e9s, alliant confort et soin :<\/p>\n<p>&nbsp;<\/p>\n<p>\ud83c\udf38 Une housse d\u2019oreiller \u00e9lastique en satin, pour pr\u00e9server la beaut\u00e9 de vos cheveux jusqu\u2019au matin<\/p>\n<p>&nbsp;<\/p>\n<p>\ud83c\udf38 Le bonnet Swanne, doubl\u00e9 en satin, parfait sous votre voile ou pour passer une nuit douce et prot\u00e9g\u00e9.<\/p>\n<p>&nbsp;<\/p>\n<p>\ud83c\udf38 Un chouchou en satin, d\u00e9licat et respectueux de la fibre capillaire<\/p>\n<p>&nbsp;<\/p>\n<p>\ud83c\udf38 Une pochette de rangement \u00e9l\u00e9gante, pour emporter votre coffret partout avec vous.<\/p>\n<p>&nbsp;<\/p>\n<p>L\u2019alliance parfaite du soin et du luxe, pour r\u00e9v\u00e9ler l\u2019\u00e9clat naturel de vos cheveux \ud83c\udf39<\/p>\n<p>&nbsp;<\/p>\n<p>&nbsp;<\/p>\n","protected":false},"featured_media":3296,"comment_status":"open","ping_status":"closed","template":"","meta":{"om_disable_all_campaigns":false,"_monsterinsights_skip_tracking":false,"_monsterinsights_sitenote_active":false,"_monsterinsights_sitenote_note":"","_monsterinsights_sitenote_category":0,"_glsr_average":0,"_glsr_ranking":0,"_glsr_reviews":0},"product_brand":[],"product_cat":[29],"product_tag":[],"class_list":{"0":"post-3282","1":"product","2":"type-product","3":"status-publish","4":"has-post-thumbnail","6":"product_cat-bonnet","8":"first","9":"outofstock","10":"shipping-taxable","11":"purchasable","12":"product-type-simple"},"aioseo_notices":[],"jetpack_sharing_enabled":true,"_links":{"self":[{"href":"https:\/\/baytalnisa.fr\/index.php?rest_route=\/wp\/v2\/product\/3282","targetHints":{"allow":["GET"]}}],"collection":[{"href":"https:\/\/baytalnisa.fr\/index.php?rest_route=\/wp\/v2\/product"}],"about":[{"href":"https:\/\/baytalnisa.fr\/index.php?rest_route=\/wp\/v2\/types\/product"}],"replies":[{"embeddable":true,"href":"https:\/\/baytalnisa.fr\/index.php?rest_route=%2Fwp%2Fv2%2Fcomments&post=3282"}],"version-history":[{"count":5,"href":"https:\/\/baytalnisa.fr\/index.php?rest_route=\/wp\/v2\/product\/3282\/revisions"}],"predecessor-version":[{"id":3298,"href":"https:\/\/baytalnisa.fr\/index.php?rest_route=\/wp\/v2\/product\/3282\/revisions\/3298"}],"wp:featuredmedia":[{"embeddable":true,"href":"https:\/\/baytalnisa.fr\/index.php?rest_route=\/wp\/v2\/media\/3296"}],"wp:attachment":[{"href":"https:\/\/baytalnisa.fr\/index.php?rest_route=%2Fwp%2Fv2%2Fmedia&parent=3282"}],"wp:term":[{"taxonomy":"product_brand","embeddable":true,"href":"https:\/\/baytalnisa.fr\/index.php?rest_route=%2Fwp%2Fv2%2Fproduct_brand&post=3282"},{"taxonomy":"product_cat","embeddable":true,"href":"https:\/\/baytalnisa.fr\/index.php?rest_route=%2Fwp%2Fv2%2Fproduct_cat&post=3282"},{"taxonomy":"product_tag","embeddable":true,"href":"https:\/\/baytalnisa.fr\/index.php?rest_route=%2Fwp%2Fv2%2Fproduct_tag&post=3282"}],"curies":[{"name":"wp","href":"https:\/\/api.w.org\/{rel}","templated":true}]}}