{"id":3333,"date":"2025-05-11T22:51:11","date_gmt":"2025-05-11T22:51:11","guid":{"rendered":"https:\/\/baytalnisa.fr\/?post_type=product&#038;p=3333"},"modified":"2026-03-01T22:49:08","modified_gmt":"2026-03-01T21:49:08","slug":"saba-letoilee","status":"publish","type":"product","link":"https:\/\/baytalnisa.fr\/?product=saba-letoilee","title":{"rendered":"Saba &#8211; L&rsquo;\u00e9toil\u00e9e"},"content":{"rendered":"","protected":false},"excerpt":{"rendered":"<p>Ce bracelet jonc dor\u00e9 \u00e0 ouverture lat\u00e9rale s&rsquo;inspire des tr\u00e9sors orientaux.<\/p>\n<p>Son motif \u00e9toil\u00e9 grav\u00e9 refl\u00e8te la lumi\u00e8re avec \u00e9l\u00e9gance, apportant une touche pr\u00e9cieuse \u00e0 votre poignet.<\/p>\n<p>A porter seul ou en accumulation pour un effet raffin\u00e9.<\/p>\n<p>Plaquage 40% d&rsquo;or.<\/p>\n<p>58 mm de diam\u00e8tre.<\/p>\n","protected":false},"featured_media":3410,"comment_status":"open","ping_status":"closed","template":"","meta":{"om_disable_all_campaigns":false,"_monsterinsights_skip_tracking":false,"_monsterinsights_sitenote_active":false,"_monsterinsights_sitenote_note":"","_monsterinsights_sitenote_category":0,"_glsr_average":0,"_glsr_ranking":0,"_glsr_reviews":0},"product_brand":[],"product_cat":[156,160,162],"product_tag":[157,164,159,163],"class_list":{"0":"post-3333","1":"product","2":"type-product","3":"status-publish","4":"has-post-thumbnail","6":"product_cat-bijoux","7":"product_cat-plaque-or","8":"product_cat-tous-les-bijoux","9":"product_tag-bijoux","10":"product_tag-gravure","11":"product_tag-or","12":"product_tag-orientales","14":"first","15":"outofstock","16":"shipping-taxable","17":"purchasable","18":"product-type-simple"},"aioseo_notices":[],"jetpack_sharing_enabled":true,"_links":{"self":[{"href":"https:\/\/baytalnisa.fr\/index.php?rest_route=\/wp\/v2\/product\/3333","targetHints":{"allow":["GET"]}}],"collection":[{"href":"https:\/\/baytalnisa.fr\/index.php?rest_route=\/wp\/v2\/product"}],"about":[{"href":"https:\/\/baytalnisa.fr\/index.php?rest_route=\/wp\/v2\/types\/product"}],"replies":[{"embeddable":true,"href":"https:\/\/baytalnisa.fr\/index.php?rest_route=%2Fwp%2Fv2%2Fcomments&post=3333"}],"version-history":[{"count":2,"href":"https:\/\/baytalnisa.fr\/index.php?rest_route=\/wp\/v2\/product\/3333\/revisions"}],"predecessor-version":[{"id":3350,"href":"https:\/\/baytalnisa.fr\/index.php?rest_route=\/wp\/v2\/product\/3333\/revisions\/3350"}],"wp:featuredmedia":[{"embeddable":true,"href":"https:\/\/baytalnisa.fr\/index.php?rest_route=\/wp\/v2\/media\/3410"}],"wp:attachment":[{"href":"https:\/\/baytalnisa.fr\/index.php?rest_route=%2Fwp%2Fv2%2Fmedia&parent=3333"}],"wp:term":[{"taxonomy":"product_brand","embeddable":true,"href":"https:\/\/baytalnisa.fr\/index.php?rest_route=%2Fwp%2Fv2%2Fproduct_brand&post=3333"},{"taxonomy":"product_cat","embeddable":true,"href":"https:\/\/baytalnisa.fr\/index.php?rest_route=%2Fwp%2Fv2%2Fproduct_cat&post=3333"},{"taxonomy":"product_tag","embeddable":true,"href":"https:\/\/baytalnisa.fr\/index.php?rest_route=%2Fwp%2Fv2%2Fproduct_tag&post=3333"}],"curies":[{"name":"wp","href":"https:\/\/api.w.org\/{rel}","templated":true}]}}