{"id":3355,"date":"2025-05-12T20:52:56","date_gmt":"2025-05-12T20:52:56","guid":{"rendered":"https:\/\/baytalnisa.fr\/?post_type=product&#038;p=3355"},"modified":"2025-07-24T17:44:39","modified_gmt":"2025-07-24T17:44:39","slug":"bracelet-aurore","status":"publish","type":"product","link":"https:\/\/baytalnisa.fr\/?product=bracelet-aurore","title":{"rendered":"Bracelet Aurore"},"content":{"rendered":"","protected":false},"excerpt":{"rendered":"<p>Evoquant la douceur d&rsquo;un ciel bor\u00e9al et la gr\u00e2ce d&rsquo;une princesse endormie, ce bracelet en plaqu\u00e9 argent capture la lumi\u00e8re avec d\u00e9licatesse gr\u00e2ce \u00e0 ses strass \u00e9tincelants.<\/p>\n<p>Aurore brille comme un r\u00eave \u00e9veill\u00e9&#8230; raffin\u00e9, lumineux et empreint de r\u00eaverie.<\/p>\n<p>Un bijou au charme subtil, pour celles qui veulent illuminer leur quotidien avec \u00e9l\u00e9gance.<\/p>\n<p>Plaquage en argent 100%.<\/p>\n<p>Hypoallerg\u00e9nique.<\/p>\n<p>18 cm.<\/p>\n","protected":false},"featured_media":3354,"comment_status":"open","ping_status":"closed","template":"","meta":{"om_disable_all_campaigns":false,"_monsterinsights_skip_tracking":false,"_monsterinsights_sitenote_active":false,"_monsterinsights_sitenote_note":"","_monsterinsights_sitenote_category":0,"_glsr_average":0,"_glsr_ranking":0,"_glsr_reviews":0},"product_brand":[],"product_cat":[156,161,162],"product_tag":[],"class_list":{"0":"post-3355","1":"product","2":"type-product","3":"status-publish","4":"has-post-thumbnail","6":"product_cat-bijoux","7":"product_cat-plaque-argent","8":"product_cat-tous-les-bijoux","10":"first","11":"outofstock","12":"shipping-taxable","13":"purchasable","14":"product-type-simple"},"aioseo_notices":[],"jetpack_sharing_enabled":true,"_links":{"self":[{"href":"https:\/\/baytalnisa.fr\/index.php?rest_route=\/wp\/v2\/product\/3355","targetHints":{"allow":["GET"]}}],"collection":[{"href":"https:\/\/baytalnisa.fr\/index.php?rest_route=\/wp\/v2\/product"}],"about":[{"href":"https:\/\/baytalnisa.fr\/index.php?rest_route=\/wp\/v2\/types\/product"}],"replies":[{"embeddable":true,"href":"https:\/\/baytalnisa.fr\/index.php?rest_route=%2Fwp%2Fv2%2Fcomments&post=3355"}],"version-history":[{"count":3,"href":"https:\/\/baytalnisa.fr\/index.php?rest_route=\/wp\/v2\/product\/3355\/revisions"}],"predecessor-version":[{"id":3458,"href":"https:\/\/baytalnisa.fr\/index.php?rest_route=\/wp\/v2\/product\/3355\/revisions\/3458"}],"wp:featuredmedia":[{"embeddable":true,"href":"https:\/\/baytalnisa.fr\/index.php?rest_route=\/wp\/v2\/media\/3354"}],"wp:attachment":[{"href":"https:\/\/baytalnisa.fr\/index.php?rest_route=%2Fwp%2Fv2%2Fmedia&parent=3355"}],"wp:term":[{"taxonomy":"product_brand","embeddable":true,"href":"https:\/\/baytalnisa.fr\/index.php?rest_route=%2Fwp%2Fv2%2Fproduct_brand&post=3355"},{"taxonomy":"product_cat","embeddable":true,"href":"https:\/\/baytalnisa.fr\/index.php?rest_route=%2Fwp%2Fv2%2Fproduct_cat&post=3355"},{"taxonomy":"product_tag","embeddable":true,"href":"https:\/\/baytalnisa.fr\/index.php?rest_route=%2Fwp%2Fv2%2Fproduct_tag&post=3355"}],"curies":[{"name":"wp","href":"https:\/\/api.w.org\/{rel}","templated":true}]}}