{"id":3469,"date":"2025-05-19T05:24:37","date_gmt":"2025-05-19T05:24:37","guid":{"rendered":"https:\/\/baytalnisa.fr\/?post_type=product&#038;p=3469"},"modified":"2025-06-23T21:45:48","modified_gmt":"2025-06-23T21:45:48","slug":"yasmine-la-pluie-dor","status":"publish","type":"product","link":"https:\/\/baytalnisa.fr\/?product=yasmine-la-pluie-dor","title":{"rendered":"Yasmine &#8211; Pluie d&rsquo;Or"},"content":{"rendered":"","protected":false},"excerpt":{"rendered":"<p>Tel un souffle l\u00e9ger d\u2019\u00e9toiles dor\u00e9es tombant des cieux d\u2019Orient, ce bracelet en plaqu\u00e9 or enveloppe votre poignet d\u2019une lumi\u00e8re d\u00e9licate et enchanteresse.<\/p>\n<p>Il glisse avec gr\u00e2ce, s\u2019ajustant l\u00e9g\u00e8rement, r\u00e9v\u00e9lant la noblesse d\u2019une princesse sous la vo\u00fbte \u00e9toil\u00e9e.<\/p>\n<p>Plaqu\u00e9 or 40%.<\/p>\n<p>58 mm.<\/p>\n","protected":false},"featured_media":3408,"comment_status":"open","ping_status":"closed","template":"","meta":{"om_disable_all_campaigns":false,"_monsterinsights_skip_tracking":false,"_monsterinsights_sitenote_active":false,"_monsterinsights_sitenote_note":"","_monsterinsights_sitenote_category":0,"_glsr_average":0,"_glsr_ranking":0,"_glsr_reviews":0},"product_brand":[],"product_cat":[156,160,162],"product_tag":[],"class_list":{"0":"post-3469","1":"product","2":"type-product","3":"status-publish","4":"has-post-thumbnail","6":"product_cat-bijoux","7":"product_cat-plaque-or","8":"product_cat-tous-les-bijoux","10":"first","11":"instock","12":"shipping-taxable","13":"purchasable","14":"product-type-simple"},"aioseo_notices":[],"jetpack_sharing_enabled":true,"_links":{"self":[{"href":"https:\/\/baytalnisa.fr\/index.php?rest_route=\/wp\/v2\/product\/3469","targetHints":{"allow":["GET"]}}],"collection":[{"href":"https:\/\/baytalnisa.fr\/index.php?rest_route=\/wp\/v2\/product"}],"about":[{"href":"https:\/\/baytalnisa.fr\/index.php?rest_route=\/wp\/v2\/types\/product"}],"replies":[{"embeddable":true,"href":"https:\/\/baytalnisa.fr\/index.php?rest_route=%2Fwp%2Fv2%2Fcomments&post=3469"}],"version-history":[{"count":2,"href":"https:\/\/baytalnisa.fr\/index.php?rest_route=\/wp\/v2\/product\/3469\/revisions"}],"predecessor-version":[{"id":3471,"href":"https:\/\/baytalnisa.fr\/index.php?rest_route=\/wp\/v2\/product\/3469\/revisions\/3471"}],"wp:featuredmedia":[{"embeddable":true,"href":"https:\/\/baytalnisa.fr\/index.php?rest_route=\/wp\/v2\/media\/3408"}],"wp:attachment":[{"href":"https:\/\/baytalnisa.fr\/index.php?rest_route=%2Fwp%2Fv2%2Fmedia&parent=3469"}],"wp:term":[{"taxonomy":"product_brand","embeddable":true,"href":"https:\/\/baytalnisa.fr\/index.php?rest_route=%2Fwp%2Fv2%2Fproduct_brand&post=3469"},{"taxonomy":"product_cat","embeddable":true,"href":"https:\/\/baytalnisa.fr\/index.php?rest_route=%2Fwp%2Fv2%2Fproduct_cat&post=3469"},{"taxonomy":"product_tag","embeddable":true,"href":"https:\/\/baytalnisa.fr\/index.php?rest_route=%2Fwp%2Fv2%2Fproduct_tag&post=3469"}],"curies":[{"name":"wp","href":"https:\/\/api.w.org\/{rel}","templated":true}]}}