{"id":3512,"date":"2025-06-20T14:43:02","date_gmt":"2025-06-20T14:43:02","guid":{"rendered":"https:\/\/baytalnisa.fr\/?post_type=product&#038;p=3512"},"modified":"2026-03-08T15:20:38","modified_gmt":"2026-03-08T14:20:38","slug":"saphira-azraq","status":"publish","type":"product","link":"https:\/\/baytalnisa.fr\/?product=saphira-azraq","title":{"rendered":"Saphira Azraq"},"content":{"rendered":"","protected":false},"excerpt":{"rendered":"<p>Plong\u00e9e dans les profondeurs d\u2019une nuit \u00e9toil\u00e9e, Saphira Azraq r\u00e9v\u00e8le l\u2019\u00e9clat d\u2019un saphir bleu nuit, serti dans un \u00e9crin de pierres scintillantes.<\/p>\n<p>Chaque d\u00e9tail \u00e9voque un myst\u00e8re, une force douce, une beaut\u00e9 c\u00e9leste. Saphira Azraq murmure une histoire ancienne, celle d\u2019une reine qui avance dans la lumi\u00e8re, le regard tourn\u00e9 vers l\u2019infini.<\/p>\n<p>Hypoallergenique<\/p>\n<p>Plaqu\u00e9 argent 30%<\/p>\n","protected":false},"featured_media":3514,"comment_status":"open","ping_status":"closed","template":"","meta":{"om_disable_all_campaigns":false,"_monsterinsights_skip_tracking":false,"_monsterinsights_sitenote_active":false,"_monsterinsights_sitenote_note":"","_monsterinsights_sitenote_category":0,"_glsr_average":0,"_glsr_ranking":0,"_glsr_reviews":0},"product_brand":[],"product_cat":[156,161,162],"product_tag":[175,176,178,177,173],"class_list":{"0":"post-3512","1":"product","2":"type-product","3":"status-publish","4":"has-post-thumbnail","6":"product_cat-bijoux","7":"product_cat-plaque-argent","8":"product_cat-tous-les-bijoux","9":"product_tag-argent","10":"product_tag-boucle","11":"product_tag-maghreb","12":"product_tag-oreille","13":"product_tag-orient","15":"first","16":"instock","17":"shipping-taxable","18":"purchasable","19":"product-type-simple"},"aioseo_notices":[],"jetpack_sharing_enabled":true,"_links":{"self":[{"href":"https:\/\/baytalnisa.fr\/index.php?rest_route=\/wp\/v2\/product\/3512","targetHints":{"allow":["GET"]}}],"collection":[{"href":"https:\/\/baytalnisa.fr\/index.php?rest_route=\/wp\/v2\/product"}],"about":[{"href":"https:\/\/baytalnisa.fr\/index.php?rest_route=\/wp\/v2\/types\/product"}],"replies":[{"embeddable":true,"href":"https:\/\/baytalnisa.fr\/index.php?rest_route=%2Fwp%2Fv2%2Fcomments&post=3512"}],"version-history":[{"count":1,"href":"https:\/\/baytalnisa.fr\/index.php?rest_route=\/wp\/v2\/product\/3512\/revisions"}],"predecessor-version":[{"id":3518,"href":"https:\/\/baytalnisa.fr\/index.php?rest_route=\/wp\/v2\/product\/3512\/revisions\/3518"}],"wp:featuredmedia":[{"embeddable":true,"href":"https:\/\/baytalnisa.fr\/index.php?rest_route=\/wp\/v2\/media\/3514"}],"wp:attachment":[{"href":"https:\/\/baytalnisa.fr\/index.php?rest_route=%2Fwp%2Fv2%2Fmedia&parent=3512"}],"wp:term":[{"taxonomy":"product_brand","embeddable":true,"href":"https:\/\/baytalnisa.fr\/index.php?rest_route=%2Fwp%2Fv2%2Fproduct_brand&post=3512"},{"taxonomy":"product_cat","embeddable":true,"href":"https:\/\/baytalnisa.fr\/index.php?rest_route=%2Fwp%2Fv2%2Fproduct_cat&post=3512"},{"taxonomy":"product_tag","embeddable":true,"href":"https:\/\/baytalnisa.fr\/index.php?rest_route=%2Fwp%2Fv2%2Fproduct_tag&post=3512"}],"curies":[{"name":"wp","href":"https:\/\/api.w.org\/{rel}","templated":true}]}}