{"id":4218,"date":"2026-03-06T15:32:30","date_gmt":"2026-03-06T14:32:30","guid":{"rendered":"https:\/\/baytalnisa.fr\/?post_type=product&#038;p=4218"},"modified":"2026-04-30T12:16:29","modified_gmt":"2026-04-30T11:16:29","slug":"coffret-nisa-edition-aid","status":"publish","type":"product","link":"https:\/\/baytalnisa.fr\/?product=coffret-nisa-edition-aid","title":{"rendered":"Coffret Nisa"},"content":{"rendered":"","protected":false},"excerpt":{"rendered":"<p><strong>BOX NISA \u2014 \u00c9DITION LIMIT\u00c9E<\/strong><\/p>\n<p>Offrir un cadeau \u00e0 une femme voil\u00e9e peut vite devenir compliqu\u00e9.<br \/>\nOn veut quelque chose de beau, utile et qui a du sens.<\/p>\n<p>La box <strong>Nisa<\/strong> a \u00e9t\u00e9 cr\u00e9\u00e9e pour \u00e7a.<br \/>\nUn coffret <em>premium<\/em> qui prend soin \u00e0 la fois de <strong>son voile<\/strong> et de <strong>ses cheveux<\/strong>.<\/p>\n<p><strong>\u00c0 l&rsquo;int\u00e9rieur<\/strong> :<\/p>\n<p>\u2013 Un <strong>sous-hijab Nina<\/strong>\u00a0doubl\u00e9 en Soie de m\u00fbrier pour prot\u00e9ger les cheveux sous le voile.<\/p>\n<p>\u2013 Un <strong>chouchou en Soie de m\u00fbrier<\/strong> pour attacher les cheveux sans les ab\u00eemer<\/p>\n<p>\u2013 Le parfum signature Bayt Al Nisa<\/p>\n<p>\u2013 Une bo\u00eete \u00e9l\u00e9gante pr\u00eate \u00e0 offrir<\/p>\n<p><em>Personnalisez<\/em> la couleur du bonnet et du chouchou.<\/p>\n<p>Une id\u00e9e cadeau pens\u00e9e sp\u00e9cialement pour les femmes qui portent le voile.<\/p>\n","protected":false},"featured_media":4224,"comment_status":"open","ping_status":"closed","template":"","meta":{"om_disable_all_campaigns":false,"_monsterinsights_skip_tracking":false,"_monsterinsights_sitenote_active":false,"_monsterinsights_sitenote_note":"","_monsterinsights_sitenote_category":0,"_glsr_average":0,"_glsr_ranking":0,"_glsr_reviews":0},"product_brand":[],"product_cat":[29,32],"product_tag":[],"class_list":{"0":"post-4218","1":"product","2":"type-product","3":"status-publish","4":"has-post-thumbnail","6":"product_cat-bonnet","7":"product_cat-bonnet-a-nouer","9":"first","10":"instock","11":"shipping-taxable","12":"purchasable","13":"product-type-variable"},"aioseo_notices":[],"jetpack_sharing_enabled":true,"_links":{"self":[{"href":"https:\/\/baytalnisa.fr\/index.php?rest_route=\/wp\/v2\/product\/4218","targetHints":{"allow":["GET"]}}],"collection":[{"href":"https:\/\/baytalnisa.fr\/index.php?rest_route=\/wp\/v2\/product"}],"about":[{"href":"https:\/\/baytalnisa.fr\/index.php?rest_route=\/wp\/v2\/types\/product"}],"replies":[{"embeddable":true,"href":"https:\/\/baytalnisa.fr\/index.php?rest_route=%2Fwp%2Fv2%2Fcomments&post=4218"}],"version-history":[{"count":4,"href":"https:\/\/baytalnisa.fr\/index.php?rest_route=\/wp\/v2\/product\/4218\/revisions"}],"predecessor-version":[{"id":4382,"href":"https:\/\/baytalnisa.fr\/index.php?rest_route=\/wp\/v2\/product\/4218\/revisions\/4382"}],"wp:featuredmedia":[{"embeddable":true,"href":"https:\/\/baytalnisa.fr\/index.php?rest_route=\/wp\/v2\/media\/4224"}],"wp:attachment":[{"href":"https:\/\/baytalnisa.fr\/index.php?rest_route=%2Fwp%2Fv2%2Fmedia&parent=4218"}],"wp:term":[{"taxonomy":"product_brand","embeddable":true,"href":"https:\/\/baytalnisa.fr\/index.php?rest_route=%2Fwp%2Fv2%2Fproduct_brand&post=4218"},{"taxonomy":"product_cat","embeddable":true,"href":"https:\/\/baytalnisa.fr\/index.php?rest_route=%2Fwp%2Fv2%2Fproduct_cat&post=4218"},{"taxonomy":"product_tag","embeddable":true,"href":"https:\/\/baytalnisa.fr\/index.php?rest_route=%2Fwp%2Fv2%2Fproduct_tag&post=4218"}],"curies":[{"name":"wp","href":"https:\/\/api.w.org\/{rel}","templated":true}]}}

<p><strong>BOX NISA — ÉDITION LIMITÉE</strong></p>
<p>Offrir un cadeau à une femme voilée peut vite devenir compliqué.<br />
On veut quelque chose de beau, utile et qui a du sens.</p>
<p>La box <strong>Nisa</strong> a été créée pour ça.<br />
Un coffret <em>premium</em> qui prend soin à la fois de <strong>son voile</strong> et de <strong>ses cheveux</strong>.</p>
<p><strong>À l&rsquo;intérieur</strong> :</p>
<p>– Un <strong>sous-hijab Nina</strong> doublé en Soie de mûrier pour protéger les cheveux sous le voile.</p>
<p>– Un <strong>chouchou en Soie de mûrier</strong> pour attacher les cheveux sans les abîmer</p>
<p>– Le parfum signature Bayt Al Nisa</p>
<p>– Une boîte élégante prête à offrir</p>
<p><em>Personnalisez</em> la couleur du bonnet et du chouchou.</p>
<p>Une idée cadeau pensée spécialement pour les femmes qui portent le voile.</p>
